4 = 49*s - 5*l, 3*s + 5*l = -16. Let c(j) = 47*j - 103*j + 53*j + j**3 - 3. What is c(s)?
-5
Let w(n) = -6*n + 19. Let x(i) = -3*i + 17. Let m(l) = -2*l. Let b(h) = m(h) + x(h). Let f(t) = -5*b(t) + 4*w(t). Give f(4).
-5
Suppose -37 + 10 = 78*l + 51. Let b(j) = 55*j + 36. Calculate b(l).
-19
Let g be -80 + 89 + (-14 - -1) + (0 - -4). Let u(z) = -z**3 - z**2 + 3*z + 19. Give u(g).
19
Let k(z) = -14*z + 176. Let r = 38011 + -37998. Determine k(r).
-6
Suppose -2*m = 0, 16 = 2*w - 0*m + 2*m. Let z(k) = -8 + 1 - 5*k + 4 - 2*k**2 - w*k. Calculate z(-5).
12
Let x(r) be the second derivative of r**7/840 + r**6/60 + r**5/40 - r**4/4 + r**3/2 + 15*r**2/2 - 214*r. Let u(f) be the second derivative of x(f). Give u(-5).
4
Let t = 152 - 148. Suppose -6*h + 4*h = -4*m + 2, t = m. Let l(b) be the first derivative of -b**3/3 + 7*b**2/2 + 5*b + 5. What is l(h)?
5
Let d(n) = 9*n + 9. Let h be d(11). Let c be h/42 + 3/7. Let b(j) be the first derivative of -j**3/3 + 3*j**2/2 - 2*j - 17. Calculate b(c).
-2
Suppose 16*x = 12*x. Suppose x = -6*s - 26 + 38. Let z(y) = -4*y - 1. Give z(s).
-9
Let h(s) = s**3 + 4*s**2 - 5. Let t(f) = -f**3 + f**2 + 2*f - 3. Let i = -142 - -142. Let w be t(i). Give h(w).
4
Let l(t) = 40*t**2 - 10*t + 66. Let i(r) = 29*r**2 - 8*r + 50. Let j(m) = -11*i(m) + 8*l(m). What is j(-9)?
-13
Suppose 55*w + 4*g - 4 = 54*w, -2*w + 2*g = -28. Let z(j) = 9*j - 102. What is z(w)?
6
Let g(s) = s**3 - 2*s**2 - 4*s. Let p(j) = 27*j**2 - 1. Let w be p(1). Let c be (-3)/(-1)*w/39. Suppose -u = c*d + 3*u - 14, d + 3 = 3*u. What is g(d)?
-3
Let o(d) = -1330*d**2 + d**3 + d - 2 + d + 0*d**3 + 1329*d**2. Suppose -3*q - 2*f = -15, 0 = 2*q + 2*q - 4*f. What is o(q)?
22
Let m(y) = -14*y + 4. Suppose -4*o - t - 459 + 454 = 0, 2*t = o - 1. Determine m(o).
18
Let n(s) = -1084*s + 2163. Let x be n(2). Let h(p) = -p**3 - 2*p**2 - 5*p - 79. Give h(x).
21
Let v be (-3)/((-1)/1) - 3. Suppose -3*j = 5*r + 2, -2*r + 2*j + 0*j + 12 = 0. Let o(t) = 73*t**2 - 160*t**2 + 17 + 86*t**r. Determine o(v).
17
Let p(s) = 15699419*s - 15699419*s + s**3 - 3 - 7*s**2. Calculate p(7).
-3
Let b(t) = t**2 - 2. Suppose -23*i + 8*i = -90. Let h be (-12)/(-10)*10/i. Suppose -3*p + h*p + 6 = 5*s, -4*s - 5*p - 12 = 0. Determine b(s).
2
Let b(p) = -6*p + 14. Let o(m) = 4*m**2 + 310*m + 310. Let n be o(-1). Give b(n).
-10
Let f(c) = c**3 - 2*c**3 - 6221649*c + 6221649*c - 5 + 4*c**2. Suppose 0 = -3*m - k + 7, -1 + 3 = 3*m + 2*k. Give f(m).
-5
Let w(f) = 24*f - 1326. Suppose 13*l - 7310 - 6990 = -247*l. Determine w(l).
-6
Let a be 3*(-10)/25 + 46/5. Let k(o) = -10*o + 292*o**2 - o - 291*o**2 + a. Let w = 9 + 1. Determine k(w).
-2
Let c(g) = 4*g**2 + 115*g - 34. Suppose 104*q + 87 = 101*q + d, -145 = 5*q - 5*d. Determine c(q).
-5
Suppose -a + a = -9*a - 117. Let r(i) = -i**3 - 15*i**2 - 26*i + 8. Calculate r(a).
8
Let m(j) be the first derivative of -68 + 13/2*j**2 - 7*j - 1/3*j**3. Give m(13).
-7
Let g be 0*((-44)/(-16))/11. Suppose 16*v = -0 - g. Let x(d) = -d**2 - d - 15. Determine x(v).
-15
Let z be 12/9*(36/(-16))/(-3). Let v be 1 - (-2 + -1 + 2). Let l(i) = -12*i**3 - i**v + i + 18*i**3 + 0*i**2. Determine l(z).
6
Let t be (6/20)/((-496)/(-160) + -3). Let k(g) be the third derivative of -g**6/120 + g**5/20 - g**4/12 - 5*g**2. Determine k(t).
-6
Let n(k) = 1. Let r(c) = c. Let i = -168 - -167. Let y(x) = i*r(x) - 5*n(x). What is y(-9)?
4
Let t be (5 - 1)*(10/(-4) + 2). Let z be (2 + 6)*(-13 + t). Let c = 117 + z. Let d(n) = n + 4. Calculate d(c).
1
Let b(o) = -4*o - 14. Let k be b(-3). Let a(n) = -8*n - 3. Suppose -y - 26 = -31. Let q(j) = 1. Let g(t) = y*q(t) + a(t). Determine g(k).
18
Let o(u) = u**2 - 8*u + 9. Let x be (12/10)/((-2)/(-10)). Let v be o(x). Let l(q) be the first derivative of q**2 - 9510. Calculate l(v).
-6
Let j(v) = 2*v**2 + 2*v - 3. Suppose 0 = 94*f - 106*f - 72. Let c be 3 + (f - (-8 - -7)). Calculate j(c).
1
Let q = -60 + 53. Let c(j) = -j**3 - 7*j**2 - j + 3. Let b be c(-8). Let y(l) = -142 + b + l**2 + 73 + 8*l. What is y(q)?
-1
Let r(a) = -17*a**2 - 14*a - 18 + 30*a**2 - 14*a**2. Let x be 531/708*32/(-2). Calculate r(x).
6
Let v(o) = o**2 - 3*o - 10. Let d = -9078 - -9076. Give v(d).
0
Let w(p) be the third derivative of 7*p**5/60 - 37*p**4/8 - 13*p**3/6 + 926*p**2. What is w(16)?
3
Let r(p) = -1967 + 653 - 19*p - p**2 + 656 + 659. Calculate r(-17).
35
Let g(r) = -r**3 - 5*r**2 - 4*r + 2. Let j = 33 + 17. Suppose u - j = -4*u. Let z(k) = k**2 - 11*k + 6. Let p be z(u). Calculate g(p).
2
Let s(m) = -m**3 + 4*m**2 - 2*m - 2. Let k be s(2). Suppose 7*d - 46 = -16*d. Let w(b) = -5*b**k - 3*b**d - 1 - 5*b + 4*b. Determine w(-1).
-8
Suppose 4*g - 20 = -16. Let z(i) = 3*i**3 + 7*i**2 - 12*i - 6. Let o(h) = h**3 - 3*h. Let k(t) = g*z(t) - 4*o(t). Give k(7).
-6
Let z = 293 + -289. Let d(h) = -361*h - 2*h**2 + z*h**2 - 3*h**2 + 362*h. Suppose -m - 3 + 0 = 0. Give d(m).
-12
Let z = 67 + -60. Let v(t) = 5*t**2 - z - 2890*t**3 + 2891*t**3 - 4*t**2. Let l be v(0). Let i(s) = -s - 5. Determine i(l).
2
Let i(v) be the second derivative of -17*v**4/6 - v**3/2 + 2*v**2 + 2*v - 2687. Give i(1).
-33
Let b be -1 - -4*6/(-4). Let j(t) = -19784 - 19788 + 3*t + 39570. Determine j(b).
-23
Let x(n) = -3*n**2 + 15*n + 3. Let p(l) = -2*l**2 + 8*l + 1. Let c(k) = -5*p(k) + 3*x(k). Let u(t) = 3*t + 6. Let r be u(-3). Determine c(r).
-2
Suppose 47 - 7 = 8*z. Let o be 3 + (4 - (z + 2)). Let v(n) be the first derivative of -n**4/4 - n**2/2 + 9*n - 9. Determine v(o).
9
Let d(x) be the first derivative of x**6/120 + 7*x**5/60 + 3*x**4/8 + 4*x**3/3 + 17*x**2 - 43. Let m(n) be the second derivative of d(n). What is m(-6)?
-10
Let x(y) = -y**3 - 7*y**2 + 6*y + 4. Suppose -4*d = 3*w + 26, -3*d - 4*w = -5*d - 24. Let a be x(d). Let l(b) = -19*b + 17 - a + 18*b. What is l(-8)?
5
Suppose -4*y - 2*z + 0*z = -10, z = -5*y + 17. Let o(p) = -5*p - y - 1 + 6*p + 4. Suppose 3*s + 3*d + 2*d = 31, 5*d - 35 = -5*s. Calculate o(s).
1
Let q(s) = s**3 - 7*s**2 + 5*s + 6. Suppose 42*j - 17615 - 2881 = 0. Let b be -7 - j/(-72) - 112/(-18). What is q(b)?
0
Let s(b) = -b**2 + 5*b - 1. Let j be -20*(-16)/(-96)*(-6)/5. Let u be (1 - -16)/(2/14). Suppose -j = u*x - 120*x. Calculate s(x).
3
Let s(x) = 2*x**2. Let y(m) = -m**3 + 54*m**2 - 50*m - 158. Let k be y(53). Determine s(k).
2
Let a(i) = i**2 + 4*i - 5. Suppose h - 175 = -3*k, -4*h - 23*k = -28*k - 785. Let l = h + -196. Give a(l).
7
Let h(b) = b**3 - b**2 - b + 9. Let m be h(0). Let w(t) = -5*t - t - 64*t + 10*t**2 - t**3 - 8 + 4*t + 56*t + 2*t. Calculate w(m).
1
Let j(p) be the third derivative of -p**5/60 + 7*p**4/12 + 38*p**3/3 + 512*p**2 + p. Determine j(-5).
-19
Suppose -m + 4*m - 15 = 0. Suppose 16*a = 17*a - m. Let v(l) = 2*l**2 - l**3 + 2*l**2 + a*l**2 - 14*l**2 + 4. Calculate v(-4).
-12
Let p(d) = -5*d + 1. Let n(t) = 9*t - 3. Let a(i) = 2*n(i) + 5*p(i). Suppose 0 = 2*v - 10 + 82. Let m be -3 - (18/v)/((-2)/(-16)). Give a(m).
-8
Suppose 2 = 4*k - 5*x, -2*x + 19 = 4*k + 3. Suppose -d + 13 = -4*i, -k*d = 5*i + 17 + 12. Let a(n) = 4 - n - 1 - 2*n. What is a(i)?
15
Let w(h) = -18*h - 7. Suppose 0 = 322*f - 301*f + 21. Give w(f).
11
Suppose -h + 34 = 4*t, 3*t - 12 = -156*h + 153*h. Let m(c) = 2*c - 7 - c**3 + 2*c**2 + 0*c + 8*c**2. Give m(t).
13
Let x = -114 - -116. Let c(a) = -7*a**x + 2*a**2 - 5 - 2*a**2 - 4*a + 6*a**2. Let h = 9 - 13. Calculate c(h).
-5
Let j(n) be the first derivative of -n**4/4 + n**3/3 + n**2/2 - 2*n - 2. Suppose -928*d = -1863*d + 937*d - 4. Calculate j(d).
-4
Let j(r) be the first derivative of -3*r**2 + 67*r + 1185. Give j(14).
-17
Let q = 204 - 202. Let m(l) = 67 - 202 + 70 + 67 - l**q - 2*l. Determine m(1).
-1
Let a(t) be the third derivative of 1/2*t**3 + 0*t + 59*t**2 + 0 + 1/30*t**5 - 1/120*t**6 + 1/24*t**4. Give a(3).
-3
Suppose -2*o - 12 = -5*o. Let p(m) be the first derivative of -m**3 - 2*m + 1/2*m**2 + 1/4*m**4 + 324. Calculate p(o).
18
Let u(k) = 2*k + 1. Let z(d) = 5*d - 9. Let g(a) = 3*a - 5. Suppose 3*b - 2*b - 7 = 0. Let o(m) = b*g(m) - 4*z(m). Let f(s) = -3*o(s) + u(s). What is f(-5)?
3
Suppose 23*g - 265 - 103 = 0. Let q(l) = -6 + 20*l - 38*l + g*l. Let w(x) = x**3 - 6*x**2 - 2*x + 6. Let n be w(6). What is q(n)?
6
Let t(j) = -j**3 - 7*j**2 + 7. Let v = -8 + 10. Suppose -5*s + 0*z + 62 = -2*z, s + v = 4*z. Suppose -20*u